{"id":29,"date":"2026-01-30T15:06:48","date_gmt":"2026-01-30T18:06:48","guid":{"rendered":"http:\/\/pride.ong.br\/index.php\/conselho-fiscal\/"},"modified":"2026-01-31T14:36:06","modified_gmt":"2026-01-31T17:36:06","slug":"conselho-fiscal","status":"publish","type":"page","link":"http:\/\/pride.ong.br\/index.php\/conselho-fiscal\/","title":{"rendered":"Conselho Fiscal"},"content":{"rendered":"\n<p>O <strong>Conselho Fiscal<\/strong> \u00e9 o \u00f3rg\u00e3o estatut\u00e1rio de fiscaliza\u00e7\u00e3o e controle interno, respons\u00e1vel por acompanhar e examinar a gest\u00e3o cont\u00e1bil, financeira e patrimonial da Associa\u00e7\u00e3o, conforme as boas pr\u00e1ticas de governan\u00e7a exigidas pelo MROSC.<\/p>\n\n\n\n<p>Compete ao Conselho Fiscal:<\/p>\n\n\n\n<ul class=\"wp-block-list\">\n<li>fiscalizar a aplica\u00e7\u00e3o dos recursos p\u00fablicos e privados recebidos pela entidade;<\/li>\n\n\n\n<li>analisar balancetes, demonstra\u00e7\u00f5es cont\u00e1beis, relat\u00f3rios financeiros e presta\u00e7\u00f5es de contas;<\/li>\n\n\n\n<li>emitir pareceres sobre a regularidade das contas e da gest\u00e3o financeira, inclusive no \u00e2mbito de parcerias celebradas com o Poder P\u00fablico;<\/li>\n\n\n\n<li>recomendar medidas corretivas sempre que identificadas inconsist\u00eancias ou riscos \u00e0 boa gest\u00e3o dos recursos.<\/li>\n<\/ul>\n\n\n\n<p>A atua\u00e7\u00e3o independente do Conselho Fiscal fortalece os mecanismos de <strong>accountability<\/strong>, mitiga\u00e7\u00e3o de riscos e conformidade legal, atendendo \u00e0s exig\u00eancias de controle previstas nos arts. 58 a 72 da Lei n\u00ba 13.019\/2014.<\/p>\n\n\n\n<p><strong>Composi\u00e7\u00e3o:<\/strong><\/p>\n\n\n\n<p>1\u00ba Diretor do Conselho Fiscal: Igor Dechen da Cruz<\/p>\n\n\n\n<p>2\u00ba Diretor do Conselho Fiscal: Daniel Claro Dos Santos<\/p>\n\n\n\n<p>3\u00ba Diretor do Conselho Fiscal: F\u00e1bio Augusto Manzano<\/p>\n","protected":false},"excerpt":{"rendered":"<p>O Conselho Fiscal \u00e9 o \u00f3rg\u00e3o estatut\u00e1rio de fiscaliza\u00e7\u00e3o e controle interno, respons\u00e1vel por acompanhar e examinar a gest\u00e3o cont\u00e1bil, financeira e patrimonial da Associa\u00e7\u00e3o, conforme as boas pr\u00e1ticas de governan\u00e7a exigidas pelo MROSC. Compete ao Conselho Fiscal: A atua\u00e7\u00e3o independente do Conselho Fiscal fortalece os mecanismos de accountability, mitiga\u00e7\u00e3o de riscos e conformidade legal, [&hellip;]<\/p>\n","protected":false},"author":2,"featured_media":0,"parent":0,"menu_order":0,"comment_status":"closed","ping_status":"closed","template":"","meta":{"footnotes":""},"class_list":["post-29","page","type-page","status-publish","hentry"],"yoast_head":"<!-- This site is optimized with the Yoast SEO plugin v27.1.1 - https:\/\/yoast.com\/product\/yoast-seo-wordpress\/ -->\n<title>Conselho Fiscal -<\/title>\n<meta name=\"robots\" content=\"index, follow, max-snippet:-1, max-image-preview:large, max-video-preview:-1\" \/>\n<link rel=\"canonical\" href=\"http:\/\/pride.ong.br\/index.php\/conselho-fiscal\/\" \/>\n<meta property=\"og:locale\" content=\"en_US\" \/>\n<meta property=\"og:type\" content=\"article\" \/>\n<meta property=\"og:title\" content=\"Conselho Fiscal -\" \/>\n<meta property=\"og:description\" content=\"O Conselho Fiscal \u00e9 o \u00f3rg\u00e3o estatut\u00e1rio de fiscaliza\u00e7\u00e3o e controle interno, respons\u00e1vel por acompanhar e examinar a gest\u00e3o cont\u00e1bil, financeira e patrimonial da Associa\u00e7\u00e3o, conforme as boas pr\u00e1ticas de governan\u00e7a exigidas pelo MROSC. Compete ao Conselho Fiscal: A atua\u00e7\u00e3o independente do Conselho Fiscal fortalece os mecanismos de accountability, mitiga\u00e7\u00e3o de riscos e conformidade legal, [&hellip;]\" \/>\n<meta property=\"og:url\" content=\"http:\/\/pride.ong.br\/index.php\/conselho-fiscal\/\" \/>\n<meta property=\"article:modified_time\" content=\"2026-01-31T17:36:06+00:00\" \/>\n<meta name=\"twitter:card\" content=\"summary_large_image\" \/>\n<meta name=\"twitter:label1\" content=\"Est. reading time\" \/>\n\t<meta name=\"twitter:data1\" content=\"1 minute\" \/>\n<script type=\"application\/ld+json\" class=\"yoast-schema-graph\">{\"@context\":\"https:\/\/schema.org\",\"@graph\":[{\"@type\":\"WebPage\",\"@id\":\"http:\/\/pride.ong.br\/index.php\/conselho-fiscal\/\",\"url\":\"http:\/\/pride.ong.br\/index.php\/conselho-fiscal\/\",\"name\":\"Conselho Fiscal -\",\"isPartOf\":{\"@id\":\"http:\/\/pride.ong.br\/#website\"},\"datePublished\":\"2026-01-30T18:06:48+00:00\",\"dateModified\":\"2026-01-31T17:36:06+00:00\",\"breadcrumb\":{\"@id\":\"http:\/\/pride.ong.br\/index.php\/conselho-fiscal\/#breadcrumb\"},\"inLanguage\":\"en-US\",\"potentialAction\":[{\"@type\":\"ReadAction\",\"target\":[\"http:\/\/pride.ong.br\/index.php\/conselho-fiscal\/\"]}]},{\"@type\":\"BreadcrumbList\",\"@id\":\"http:\/\/pride.ong.br\/index.php\/conselho-fiscal\/#breadcrumb\",\"itemListElement\":[{\"@type\":\"ListItem\",\"position\":1,\"name\":\"Home\",\"item\":\"http:\/\/pride.ong.br\/\"},{\"@type\":\"ListItem\",\"position\":2,\"name\":\"Conselho Fiscal\"}]},{\"@type\":\"WebSite\",\"@id\":\"http:\/\/pride.ong.br\/#website\",\"url\":\"http:\/\/pride.ong.br\/\",\"name\":\"\",\"description\":\"\",\"potentialAction\":[{\"@type\":\"SearchAction\",\"target\":{\"@type\":\"EntryPoint\",\"urlTemplate\":\"http:\/\/pride.ong.br\/?s={search_term_string}\"},\"query-input\":{\"@type\":\"PropertyValueSpecification\",\"valueRequired\":true,\"valueName\":\"search_term_string\"}}],\"inLanguage\":\"en-US\"}]}<\/script>\n<!-- \/ Yoast SEO plugin. -->","yoast_head_json":{"title":"Conselho Fiscal -","robots":{"index":"index","follow":"follow","max-snippet":"max-snippet:-1","max-image-preview":"max-image-preview:large","max-video-preview":"max-video-preview:-1"},"canonical":"http:\/\/pride.ong.br\/index.php\/conselho-fiscal\/","og_locale":"en_US","og_type":"article","og_title":"Conselho Fiscal -","og_description":"O Conselho Fiscal \u00e9 o \u00f3rg\u00e3o estatut\u00e1rio de fiscaliza\u00e7\u00e3o e controle interno, respons\u00e1vel por acompanhar e examinar a gest\u00e3o cont\u00e1bil, financeira e patrimonial da Associa\u00e7\u00e3o, conforme as boas pr\u00e1ticas de governan\u00e7a exigidas pelo MROSC. Compete ao Conselho Fiscal: A atua\u00e7\u00e3o independente do Conselho Fiscal fortalece os mecanismos de accountability, mitiga\u00e7\u00e3o de riscos e conformidade legal, [&hellip;]","og_url":"http:\/\/pride.ong.br\/index.php\/conselho-fiscal\/","article_modified_time":"2026-01-31T17:36:06+00:00","twitter_card":"summary_large_image","twitter_misc":{"Est. reading time":"1 minute"},"schema":{"@context":"https:\/\/schema.org","@graph":[{"@type":"WebPage","@id":"http:\/\/pride.ong.br\/index.php\/conselho-fiscal\/","url":"http:\/\/pride.ong.br\/index.php\/conselho-fiscal\/","name":"Conselho Fiscal -","isPartOf":{"@id":"http:\/\/pride.ong.br\/#website"},"datePublished":"2026-01-30T18:06:48+00:00","dateModified":"2026-01-31T17:36:06+00:00","breadcrumb":{"@id":"http:\/\/pride.ong.br\/index.php\/conselho-fiscal\/#breadcrumb"},"inLanguage":"en-US","potentialAction":[{"@type":"ReadAction","target":["http:\/\/pride.ong.br\/index.php\/conselho-fiscal\/"]}]},{"@type":"BreadcrumbList","@id":"http:\/\/pride.ong.br\/index.php\/conselho-fiscal\/#breadcrumb","itemListElement":[{"@type":"ListItem","position":1,"name":"Home","item":"http:\/\/pride.ong.br\/"},{"@type":"ListItem","position":2,"name":"Conselho Fiscal"}]},{"@type":"WebSite","@id":"http:\/\/pride.ong.br\/#website","url":"http:\/\/pride.ong.br\/","name":"","description":"","potentialAction":[{"@type":"SearchAction","target":{"@type":"EntryPoint","urlTemplate":"http:\/\/pride.ong.br\/?s={search_term_string}"},"query-input":{"@type":"PropertyValueSpecification","valueRequired":true,"valueName":"search_term_string"}}],"inLanguage":"en-US"}]}},"_links":{"self":[{"href":"http:\/\/pride.ong.br\/index.php\/wp-json\/wp\/v2\/pages\/29","targetHints":{"allow":["GET"]}}],"collection":[{"href":"http:\/\/pride.ong.br\/index.php\/wp-json\/wp\/v2\/pages"}],"about":[{"href":"http:\/\/pride.ong.br\/index.php\/wp-json\/wp\/v2\/types\/page"}],"author":[{"embeddable":true,"href":"http:\/\/pride.ong.br\/index.php\/wp-json\/wp\/v2\/users\/2"}],"replies":[{"embeddable":true,"href":"http:\/\/pride.ong.br\/index.php\/wp-json\/wp\/v2\/comments?post=29"}],"version-history":[{"count":4,"href":"http:\/\/pride.ong.br\/index.php\/wp-json\/wp\/v2\/pages\/29\/revisions"}],"predecessor-version":[{"id":88,"href":"http:\/\/pride.ong.br\/index.php\/wp-json\/wp\/v2\/pages\/29\/revisions\/88"}],"wp:attachment":[{"href":"http:\/\/pride.ong.br\/index.php\/wp-json\/wp\/v2\/media?parent=29"}],"curies":[{"name":"wp","href":"https:\/\/api.w.org\/{rel}","templated":true}]}}