{"id":27,"date":"2026-01-30T15:05:16","date_gmt":"2026-01-30T18:05:16","guid":{"rendered":"http:\/\/pride.ong.br\/index.php\/gestao-e-governancia\/"},"modified":"2026-01-31T14:26:59","modified_gmt":"2026-01-31T17:26:59","slug":"gestao-e-governancia","status":"publish","type":"page","link":"http:\/\/pride.ong.br\/index.php\/gestao-e-governancia\/","title":{"rendered":"Gest\u00e3o e Govern\u00e2ncia"},"content":{"rendered":"\n<p>A <strong>ASSOCIA\u00c7\u00c3O DA PARADA DO ORGULHO LGBT DE VINHEDO \u2013 BIANCA NIERO (APOGLBT VINHEDO)<\/strong> estrutura sua gest\u00e3o e governan\u00e7a em conformidade com os princ\u00edpios e diretrizes estabelecidos pela <strong>Lei n\u00ba 13.019\/2014 (Marco Regulat\u00f3rio das Organiza\u00e7\u00f5es da Sociedade Civil \u2013 MROSC)<\/strong>, observando os princ\u00edpios da <strong>legalidade, impessoalidade, moralidade, publicidade, efici\u00eancia, economicidade, transpar\u00eancia e controle social<\/strong>.<\/p>\n\n\n\n<div class=\"wp-block-columns is-layout-flex wp-container-core-columns-is-layout-28f84493 wp-block-columns-is-layout-flex\">\n<div class=\"wp-block-column is-layout-flow wp-block-column-is-layout-flow\" style=\"flex-basis:100%\">\n<figure class=\"wp-block-image aligncenter size-full\"><img loading=\"lazy\" decoding=\"async\" width=\"1020\" height=\"864\" src=\"http:\/\/pride.ong.br\/wp-content\/uploads\/2026\/01\/facebook_1769879897079_7423414331840873286.jpg\" alt=\"\" class=\"wp-image-80\" srcset=\"http:\/\/pride.ong.br\/wp-content\/uploads\/2026\/01\/facebook_1769879897079_7423414331840873286.jpg 1020w, http:\/\/pride.ong.br\/wp-content\/uploads\/2026\/01\/facebook_1769879897079_7423414331840873286-300x254.jpg 300w, http:\/\/pride.ong.br\/wp-content\/uploads\/2026\/01\/facebook_1769879897079_7423414331840873286-768x651.jpg 768w, http:\/\/pride.ong.br\/wp-content\/uploads\/2026\/01\/facebook_1769879897079_7423414331840873286-600x508.jpg 600w\" sizes=\"auto, (max-width: 1020px) 100vw, 1020px\" \/><\/figure>\n<\/div>\n<\/div>\n\n\n\n<p>A entidade adota pr\u00e1ticas administrativas voltadas ao <strong>interesse p\u00fablico<\/strong>, assegurando a correta aplica\u00e7\u00e3o dos recursos, a gest\u00e3o respons\u00e1vel dos bens e valores sob sua guarda, bem como o cumprimento das obriga\u00e7\u00f5es legais, fiscais, trabalhistas e previdenci\u00e1rias, quando aplic\u00e1veis.<\/p>\n","protected":false},"excerpt":{"rendered":"<p>A ASSOCIA\u00c7\u00c3O DA PARADA DO ORGULHO LGBT DE VINHEDO \u2013 BIANCA NIERO (APOGLBT VINHEDO) estrutura sua gest\u00e3o e governan\u00e7a em conformidade com os princ\u00edpios e diretrizes estabelecidos pela Lei n\u00ba 13.019\/2014 (Marco Regulat\u00f3rio das Organiza\u00e7\u00f5es da Sociedade Civil \u2013 MROSC), observando os princ\u00edpios da legalidade, impessoalidade, moralidade, publicidade, efici\u00eancia, economicidade, transpar\u00eancia e controle social. A [&hellip;]<\/p>\n","protected":false},"author":2,"featured_media":0,"parent":0,"menu_order":0,"comment_status":"closed","ping_status":"closed","template":"","meta":{"footnotes":""},"class_list":["post-27","page","type-page","status-publish","hentry"],"yoast_head":"<!-- This site is optimized with the Yoast SEO plugin v27.1.1 - https:\/\/yoast.com\/product\/yoast-seo-wordpress\/ -->\n<title>Gest\u00e3o e Govern\u00e2ncia -<\/title>\n<meta name=\"robots\" content=\"index, follow, max-snippet:-1, max-image-preview:large, max-video-preview:-1\" \/>\n<link rel=\"canonical\" href=\"http:\/\/pride.ong.br\/index.php\/gestao-e-governancia\/\" \/>\n<meta property=\"og:locale\" content=\"en_US\" \/>\n<meta property=\"og:type\" content=\"article\" \/>\n<meta property=\"og:title\" content=\"Gest\u00e3o e Govern\u00e2ncia -\" \/>\n<meta property=\"og:description\" content=\"A ASSOCIA\u00c7\u00c3O DA PARADA DO ORGULHO LGBT DE VINHEDO \u2013 BIANCA NIERO (APOGLBT VINHEDO) estrutura sua gest\u00e3o e governan\u00e7a em conformidade com os princ\u00edpios e diretrizes estabelecidos pela Lei n\u00ba 13.019\/2014 (Marco Regulat\u00f3rio das Organiza\u00e7\u00f5es da Sociedade Civil \u2013 MROSC), observando os princ\u00edpios da legalidade, impessoalidade, moralidade, publicidade, efici\u00eancia, economicidade, transpar\u00eancia e controle social. A [&hellip;]\" \/>\n<meta property=\"og:url\" content=\"http:\/\/pride.ong.br\/index.php\/gestao-e-governancia\/\" \/>\n<meta property=\"article:modified_time\" content=\"2026-01-31T17:26:59+00:00\" \/>\n<meta property=\"og:image\" content=\"http:\/\/pride.ong.br\/wp-content\/uploads\/2026\/01\/facebook_1769879897079_7423414331840873286.jpg\" \/>\n\t<meta property=\"og:image:width\" content=\"1020\" \/>\n\t<meta property=\"og:image:height\" content=\"864\" \/>\n\t<meta property=\"og:image:type\" content=\"image\/jpeg\" \/>\n<meta name=\"twitter:card\" content=\"summary_large_image\" \/>\n<meta name=\"twitter:label1\" content=\"Est. reading time\" \/>\n\t<meta name=\"twitter:data1\" content=\"1 minute\" \/>\n<script type=\"application\/ld+json\" class=\"yoast-schema-graph\">{\"@context\":\"https:\/\/schema.org\",\"@graph\":[{\"@type\":\"WebPage\",\"@id\":\"http:\/\/pride.ong.br\/index.php\/gestao-e-governancia\/\",\"url\":\"http:\/\/pride.ong.br\/index.php\/gestao-e-governancia\/\",\"name\":\"Gest\u00e3o e Govern\u00e2ncia -\",\"isPartOf\":{\"@id\":\"http:\/\/pride.ong.br\/#website\"},\"primaryImageOfPage\":{\"@id\":\"http:\/\/pride.ong.br\/index.php\/gestao-e-governancia\/#primaryimage\"},\"image\":{\"@id\":\"http:\/\/pride.ong.br\/index.php\/gestao-e-governancia\/#primaryimage\"},\"thumbnailUrl\":\"http:\/\/pride.ong.br\/wp-content\/uploads\/2026\/01\/facebook_1769879897079_7423414331840873286.jpg\",\"datePublished\":\"2026-01-30T18:05:16+00:00\",\"dateModified\":\"2026-01-31T17:26:59+00:00\",\"breadcrumb\":{\"@id\":\"http:\/\/pride.ong.br\/index.php\/gestao-e-governancia\/#breadcrumb\"},\"inLanguage\":\"en-US\",\"potentialAction\":[{\"@type\":\"ReadAction\",\"target\":[\"http:\/\/pride.ong.br\/index.php\/gestao-e-governancia\/\"]}]},{\"@type\":\"ImageObject\",\"inLanguage\":\"en-US\",\"@id\":\"http:\/\/pride.ong.br\/index.php\/gestao-e-governancia\/#primaryimage\",\"url\":\"http:\/\/pride.ong.br\/wp-content\/uploads\/2026\/01\/facebook_1769879897079_7423414331840873286.jpg\",\"contentUrl\":\"http:\/\/pride.ong.br\/wp-content\/uploads\/2026\/01\/facebook_1769879897079_7423414331840873286.jpg\",\"width\":1020,\"height\":864},{\"@type\":\"BreadcrumbList\",\"@id\":\"http:\/\/pride.ong.br\/index.php\/gestao-e-governancia\/#breadcrumb\",\"itemListElement\":[{\"@type\":\"ListItem\",\"position\":1,\"name\":\"Home\",\"item\":\"http:\/\/pride.ong.br\/\"},{\"@type\":\"ListItem\",\"position\":2,\"name\":\"Gest\u00e3o e Govern\u00e2ncia\"}]},{\"@type\":\"WebSite\",\"@id\":\"http:\/\/pride.ong.br\/#website\",\"url\":\"http:\/\/pride.ong.br\/\",\"name\":\"\",\"description\":\"\",\"potentialAction\":[{\"@type\":\"SearchAction\",\"target\":{\"@type\":\"EntryPoint\",\"urlTemplate\":\"http:\/\/pride.ong.br\/?s={search_term_string}\"},\"query-input\":{\"@type\":\"PropertyValueSpecification\",\"valueRequired\":true,\"valueName\":\"search_term_string\"}}],\"inLanguage\":\"en-US\"}]}<\/script>\n<!-- \/ Yoast SEO plugin. -->","yoast_head_json":{"title":"Gest\u00e3o e Govern\u00e2ncia -","robots":{"index":"index","follow":"follow","max-snippet":"max-snippet:-1","max-image-preview":"max-image-preview:large","max-video-preview":"max-video-preview:-1"},"canonical":"http:\/\/pride.ong.br\/index.php\/gestao-e-governancia\/","og_locale":"en_US","og_type":"article","og_title":"Gest\u00e3o e Govern\u00e2ncia -","og_description":"A ASSOCIA\u00c7\u00c3O DA PARADA DO ORGULHO LGBT DE VINHEDO \u2013 BIANCA NIERO (APOGLBT VINHEDO) estrutura sua gest\u00e3o e governan\u00e7a em conformidade com os princ\u00edpios e diretrizes estabelecidos pela Lei n\u00ba 13.019\/2014 (Marco Regulat\u00f3rio das Organiza\u00e7\u00f5es da Sociedade Civil \u2013 MROSC), observando os princ\u00edpios da legalidade, impessoalidade, moralidade, publicidade, efici\u00eancia, economicidade, transpar\u00eancia e controle social. A [&hellip;]","og_url":"http:\/\/pride.ong.br\/index.php\/gestao-e-governancia\/","article_modified_time":"2026-01-31T17:26:59+00:00","og_image":[{"width":1020,"height":864,"url":"http:\/\/pride.ong.br\/wp-content\/uploads\/2026\/01\/facebook_1769879897079_7423414331840873286.jpg","type":"image\/jpeg"}],"twitter_card":"summary_large_image","twitter_misc":{"Est. reading time":"1 minute"},"schema":{"@context":"https:\/\/schema.org","@graph":[{"@type":"WebPage","@id":"http:\/\/pride.ong.br\/index.php\/gestao-e-governancia\/","url":"http:\/\/pride.ong.br\/index.php\/gestao-e-governancia\/","name":"Gest\u00e3o e Govern\u00e2ncia -","isPartOf":{"@id":"http:\/\/pride.ong.br\/#website"},"primaryImageOfPage":{"@id":"http:\/\/pride.ong.br\/index.php\/gestao-e-governancia\/#primaryimage"},"image":{"@id":"http:\/\/pride.ong.br\/index.php\/gestao-e-governancia\/#primaryimage"},"thumbnailUrl":"http:\/\/pride.ong.br\/wp-content\/uploads\/2026\/01\/facebook_1769879897079_7423414331840873286.jpg","datePublished":"2026-01-30T18:05:16+00:00","dateModified":"2026-01-31T17:26:59+00:00","breadcrumb":{"@id":"http:\/\/pride.ong.br\/index.php\/gestao-e-governancia\/#breadcrumb"},"inLanguage":"en-US","potentialAction":[{"@type":"ReadAction","target":["http:\/\/pride.ong.br\/index.php\/gestao-e-governancia\/"]}]},{"@type":"ImageObject","inLanguage":"en-US","@id":"http:\/\/pride.ong.br\/index.php\/gestao-e-governancia\/#primaryimage","url":"http:\/\/pride.ong.br\/wp-content\/uploads\/2026\/01\/facebook_1769879897079_7423414331840873286.jpg","contentUrl":"http:\/\/pride.ong.br\/wp-content\/uploads\/2026\/01\/facebook_1769879897079_7423414331840873286.jpg","width":1020,"height":864},{"@type":"BreadcrumbList","@id":"http:\/\/pride.ong.br\/index.php\/gestao-e-governancia\/#breadcrumb","itemListElement":[{"@type":"ListItem","position":1,"name":"Home","item":"http:\/\/pride.ong.br\/"},{"@type":"ListItem","position":2,"name":"Gest\u00e3o e Govern\u00e2ncia"}]},{"@type":"WebSite","@id":"http:\/\/pride.ong.br\/#website","url":"http:\/\/pride.ong.br\/","name":"","description":"","potentialAction":[{"@type":"SearchAction","target":{"@type":"EntryPoint","urlTemplate":"http:\/\/pride.ong.br\/?s={search_term_string}"},"query-input":{"@type":"PropertyValueSpecification","valueRequired":true,"valueName":"search_term_string"}}],"inLanguage":"en-US"}]}},"_links":{"self":[{"href":"http:\/\/pride.ong.br\/index.php\/wp-json\/wp\/v2\/pages\/27","targetHints":{"allow":["GET"]}}],"collection":[{"href":"http:\/\/pride.ong.br\/index.php\/wp-json\/wp\/v2\/pages"}],"about":[{"href":"http:\/\/pride.ong.br\/index.php\/wp-json\/wp\/v2\/types\/page"}],"author":[{"embeddable":true,"href":"http:\/\/pride.ong.br\/index.php\/wp-json\/wp\/v2\/users\/2"}],"replies":[{"embeddable":true,"href":"http:\/\/pride.ong.br\/index.php\/wp-json\/wp\/v2\/comments?post=27"}],"version-history":[{"count":1,"href":"http:\/\/pride.ong.br\/index.php\/wp-json\/wp\/v2\/pages\/27\/revisions"}],"predecessor-version":[{"id":81,"href":"http:\/\/pride.ong.br\/index.php\/wp-json\/wp\/v2\/pages\/27\/revisions\/81"}],"wp:attachment":[{"href":"http:\/\/pride.ong.br\/index.php\/wp-json\/wp\/v2\/media?parent=27"}],"curies":[{"name":"wp","href":"https:\/\/api.w.org\/{rel}","templated":true}]}}